{"id":10768,"date":"2025-02-12T09:03:41","date_gmt":"2025-02-12T14:03:41","guid":{"rendered":"https:\/\/70aniversario.feyalegria.org\/venezuela\/?page_id=10768"},"modified":"2025-03-10T19:58:09","modified_gmt":"2025-03-11T00:58:09","slug":"noticias","status":"publish","type":"page","link":"https:\/\/70aniversario.feyalegria.org\/venezuela\/noticias\/","title":{"rendered":"Noticias"},"content":{"rendered":"\t\t<div data-elementor-type=\"wp-page\" data-elementor-id=\"10768\" class=\"elementor elementor-10768\">\n\t\t\t\t<div class=\"elementor-element elementor-element-3edbeee e-con-full e-flex e-con e-parent\" data-id=\"3edbeee\" data-element_type=\"container\">\n\t\t\t\t<div class=\"elementor-element elementor-element-8947c50 elementor-widget elementor-widget-spacer\" data-id=\"8947c50\" data-element_type=\"widget\" data-widget_type=\"spacer.default\">\n\t\t\t\t<div class=\"elementor-widget-container\">\n\t\t\t\t\t<div class=\"elementor-spacer\">\n\t\t\t<div class=\"elementor-spacer-inner\"><\/div>\n\t\t<\/div>\n\t\t\t\t<\/div>\n\t\t\t\t<\/div>\n\t\t\t\t<div class=\"elementor-element elementor-element-c6a42b3 elementor-widget elementor-widget-heading\" data-id=\"c6a42b3\" data-element_type=\"widget\" data-widget_type=\"heading.default\">\n\t\t\t\t<div class=\"elementor-widget-container\">\n\t\t\t<h2 class=\"elementor-heading-title elementor-size-default\"> Noticias y Novedades de la Celebraci\u00f3n<\/h2>\t\t<\/div>\n\t\t\t\t<\/div>\n\t\t\t\t<div class=\"elementor-element elementor-element-4d55ccd elementor-widget elementor-widget-wgl-blog\" data-id=\"4d55ccd\" data-element_type=\"widget\" data-settings=\"{&quot;blog_columns&quot;:&quot;3&quot;}\" data-widget_type=\"wgl-blog.default\">\n\t\t\t\t<div class=\"elementor-widget-container\">\n\t\t\t<section class=\"wgl_cpt_section\"><div class=\"blog-posts\"><div class=\"container-grid row blog_columns-4 grid blog-style-standard\"><div class=\"wgl_col-3 item\"><div class=\"blog-post format-standard-image\"><div class=\"blog-post_wrapper\"><div class=\"blog-post_media\"><div class=\"blog-post_media_part\"><a href=\"https:\/\/70aniversario.feyalegria.org\/venezuela\/develan-acrilico-del-testamento-del-padre-jose-maria-velaz\/\" class=\"media-link image-overlay\"><img decoding=\"async\" src=\"https:\/\/70aniversario.feyalegria.org\/venezuela\/wp-content\/uploads\/sites\/4\/2025\/10\/nota-5JPG-1170x725.jpg\" class=\" blog-img\" alt=\"nota 5JPG\"><\/a><\/div><span class=\"post_categories\"><span><a href=\"https:\/\/70aniversario.feyalegria.org\/venezuela\/category\/aniversario\/\">Aniversario<\/a><\/span><\/span><\/div><div class=\"blog-post_content\"><div class=\"meta-data\"><span class=\"post_date\">24 octubre, 2025<\/span><\/div><h3 class=\"blog-post_title\"><a href=\"https:\/\/70aniversario.feyalegria.org\/venezuela\/develan-acrilico-del-testamento-del-padre-jose-maria-velaz\/\">Develan acr\u00edlico del Testamento del Padre Jos\u00e9 Mar\u00eda Velaz<\/a><\/h3><div class=\"blog-post_text\">En el marco de la conmemoraci\u00f3n de los 70 a\u00f1os de Fe y Alegr\u00eda, el Colegio Las Mayas fue...<\/div><\/div><div class=\"blog-post_meta-wrap\"><div class=\"meta-info\"><div class=\"post_likes wgl-likes\"><a href=\"https:\/\/70aniversario.feyalegria.org\/venezuela\/wp-admin\/admin-ajax.php?action=bighearts_like&post_id=11985&nonce=7699572fcd&is_comment=&disabled=true\" class=\"sl-button sl-button-11985\" data-nonce=\"7699572fcd\" data-post-id=\"11985\" data-title-like=\"Like\" data-title-unlike=\"Unlike\" title=\"Like\"><span class=\"sl-icon flaticon-love-and-romance liked\"><\/span><span class=\"sl-count\">4<span class=\"sl-count-text\"> Likes<\/span><\/span><\/a><span class=\"sl-loader\"><\/span><\/div><\/div><\/div><\/div><\/div><\/div><div class=\"wgl_col-3 item\"><div class=\"blog-post format-standard-image\"><div class=\"blog-post_wrapper\"><div class=\"blog-post_media\"><div class=\"blog-post_media_part\"><a href=\"https:\/\/70aniversario.feyalegria.org\/venezuela\/el-legado-de-fe-y-alegria-es-una-educacion-que-dignifica-y-transforma\/\" class=\"media-link image-overlay\"><img decoding=\"async\" src=\"https:\/\/70aniversario.feyalegria.org\/venezuela\/wp-content\/uploads\/sites\/4\/2025\/10\/nota-1-1170x725.jpg\" class=\" blog-img blog-img\" alt=\"nota 1\"><\/a><\/div><span class=\"post_categories\"><span><a href=\"https:\/\/70aniversario.feyalegria.org\/venezuela\/category\/aniversario\/\">Aniversario<\/a><\/span><\/span><\/div><div class=\"blog-post_content\"><div class=\"meta-data\"><span class=\"post_date\">24 octubre, 2025<\/span><\/div><h3 class=\"blog-post_title\"><a href=\"https:\/\/70aniversario.feyalegria.org\/venezuela\/el-legado-de-fe-y-alegria-es-una-educacion-que-dignifica-y-transforma\/\">El legado de Fe y Alegr\u00eda es una educaci\u00f3n que dignifica y transforma<\/a><\/h3><div class=\"blog-post_text\">Celebrar 70 a\u00f1os de Fe y Alegr\u00eda es, ante todo, hacer memoria, agradecer y renovar el...<\/div><\/div><div class=\"blog-post_meta-wrap\"><div class=\"meta-info\"><div class=\"post_likes wgl-likes\"><a href=\"https:\/\/70aniversario.feyalegria.org\/venezuela\/wp-admin\/admin-ajax.php?action=bighearts_like&post_id=11962&nonce=7699572fcd&is_comment=&disabled=true\" class=\"sl-button sl-button-11962\" data-nonce=\"7699572fcd\" data-post-id=\"11962\" data-title-like=\"Like\" data-title-unlike=\"Unlike\" title=\"Like\"><span class=\"sl-icon flaticon-love-and-romance liked\"><\/span><span class=\"sl-count\">4<span class=\"sl-count-text\"> Likes<\/span><\/span><\/a><span class=\"sl-loader\"><\/span><\/div><\/div><\/div><\/div><\/div><\/div><div class=\"wgl_col-3 item\"><div class=\"blog-post format-standard-image\"><div class=\"blog-post_wrapper\"><div class=\"blog-post_media\"><div class=\"blog-post_media_part\"><a href=\"https:\/\/70aniversario.feyalegria.org\/venezuela\/fe-y-alegria-celebra-70-anos-de-innovacion-educativa\/\" class=\"media-link image-overlay\"><img decoding=\"async\" src=\"https:\/\/70aniversario.feyalegria.org\/venezuela\/wp-content\/uploads\/sites\/4\/2025\/10\/notas-3-1170x725.jpg\" class=\" blog-img blog-img blog-img\" alt=\"notas 3\"><\/a><\/div><span class=\"post_categories\"><span><a href=\"https:\/\/70aniversario.feyalegria.org\/venezuela\/category\/aniversario\/\">Aniversario<\/a><\/span><\/span><\/div><div class=\"blog-post_content\"><div class=\"meta-data\"><span class=\"post_date\">22 julio, 2025<\/span><\/div><h3 class=\"blog-post_title\"><a href=\"https:\/\/70aniversario.feyalegria.org\/venezuela\/fe-y-alegria-celebra-70-anos-de-innovacion-educativa\/\">Fe y Alegr\u00eda celebra 70 a\u00f1os de innovaci\u00f3n educativa<\/a><\/h3><div class=\"blog-post_text\">En el marco del 70 aniversario, Fe y Alegr\u00eda celebr\u00f3 el evento \u00abEducaci\u00f3n innovadora y...<\/div><\/div><div class=\"blog-post_meta-wrap\"><div class=\"meta-info\"><div class=\"post_likes wgl-likes\"><a href=\"https:\/\/70aniversario.feyalegria.org\/venezuela\/wp-admin\/admin-ajax.php?action=bighearts_like&post_id=11981&nonce=7699572fcd&is_comment=&disabled=true\" class=\"sl-button sl-button-11981\" data-nonce=\"7699572fcd\" data-post-id=\"11981\" data-title-like=\"Like\" data-title-unlike=\"Unlike\" title=\"Like\"><span class=\"sl-icon flaticon-love-and-romance liked\"><\/span><span class=\"sl-count\">4<span class=\"sl-count-text\"> Likes<\/span><\/span><\/a><span class=\"sl-loader\"><\/span><\/div><\/div><\/div><\/div><\/div><\/div><div class=\"wgl_col-3 item\"><div class=\"blog-post format-standard-image\"><div class=\"blog-post_wrapper\"><div class=\"blog-post_media\"><div class=\"blog-post_media_part\"><a href=\"https:\/\/70aniversario.feyalegria.org\/venezuela\/celebramos-70-anos-con-una-caminata\/\" class=\"media-link image-overlay\"><img decoding=\"async\" src=\"https:\/\/70aniversario.feyalegria.org\/venezuela\/wp-content\/uploads\/sites\/4\/2025\/10\/nota-2-1170x725.jpg\" class=\" blog-img blog-img blog-img blog-img\" alt=\"nota 2\"><\/a><\/div><span class=\"post_categories\"><span><a href=\"https:\/\/70aniversario.feyalegria.org\/venezuela\/category\/aniversario\/\">Aniversario<\/a><\/span><\/span><\/div><div class=\"blog-post_content\"><div class=\"meta-data\"><span class=\"post_date\">30 junio, 2025<\/span><\/div><h3 class=\"blog-post_title\"><a href=\"https:\/\/70aniversario.feyalegria.org\/venezuela\/celebramos-70-anos-con-una-caminata\/\">\u00a1Celebramos 70 a\u00f1os con una caminata!<\/a><\/h3><div class=\"blog-post_text\">\u00a1Qu\u00e9 emoci\u00f3n vivimos! El pasado s\u00e1bado, 28 de junio, la gran familia de Fe y Alegr\u00eda Venezuela...<\/div><\/div><div class=\"blog-post_meta-wrap\"><div class=\"meta-info\"><div class=\"post_likes wgl-likes\"><a href=\"https:\/\/70aniversario.feyalegria.org\/venezuela\/wp-admin\/admin-ajax.php?action=bighearts_like&post_id=11977&nonce=7699572fcd&is_comment=&disabled=true\" class=\"sl-button sl-button-11977\" data-nonce=\"7699572fcd\" data-post-id=\"11977\" data-title-like=\"Like\" data-title-unlike=\"Unlike\" title=\"Like\"><span class=\"sl-icon flaticon-love-and-romance liked\"><\/span><span class=\"sl-count\">4<span class=\"sl-count-text\"> Likes<\/span><\/span><\/a><span class=\"sl-loader\"><\/span><\/div><\/div><\/div><\/div><\/div><\/div><div class=\"wgl_col-3 item\"><div class=\"blog-post format-standard-image\"><div class=\"blog-post_wrapper\"><div class=\"blog-post_media\"><div class=\"blog-post_media_part\"><a href=\"https:\/\/70aniversario.feyalegria.org\/venezuela\/la-frontera-de-fe-y-alegria-tambien-celebro-los-70-anos-de-aniversario\/\" class=\"media-link image-overlay\"><img decoding=\"async\" src=\"https:\/\/70aniversario.feyalegria.org\/venezuela\/wp-content\/uploads\/sites\/4\/2025\/05\/frontera-70-anos-1170x725.jpg\" class=\" blog-img blog-img blog-img blog-img blog-img\" alt=\"frontera 70 a\u00f1os\"><\/a><\/div><span class=\"post_categories\"><span><a href=\"https:\/\/70aniversario.feyalegria.org\/venezuela\/category\/aniversario\/\">Aniversario<\/a><\/span><\/span><\/div><div class=\"blog-post_content\"><div class=\"meta-data\"><span class=\"post_date\">16 mayo, 2025<\/span><\/div><h3 class=\"blog-post_title\"><a href=\"https:\/\/70aniversario.feyalegria.org\/venezuela\/la-frontera-de-fe-y-alegria-tambien-celebro-los-70-anos-de-aniversario\/\">La frontera de Fe y Alegr\u00eda tambi\u00e9n celebr\u00f3 los 70 a\u00f1os de aniversario<\/a><\/h3><div class=\"blog-post_text\">En marzo se realiz\u00f3 la eucarist\u00eda solemne de Fe y Alegr\u00eda regi\u00f3n frontera, por los 70 a\u00f1os...<\/div><\/div><div class=\"blog-post_meta-wrap\"><div class=\"meta-info\"><div class=\"post_likes wgl-likes\"><a href=\"https:\/\/70aniversario.feyalegria.org\/venezuela\/wp-admin\/admin-ajax.php?action=bighearts_like&post_id=11754&nonce=7699572fcd&is_comment=&disabled=true\" class=\"sl-button sl-button-11754\" data-nonce=\"7699572fcd\" data-post-id=\"11754\" data-title-like=\"Like\" data-title-unlike=\"Unlike\" title=\"Like\"><span class=\"sl-icon flaticon-love-and-romance liked\"><\/span><span class=\"sl-count\">4<span class=\"sl-count-text\"> Likes<\/span><\/span><\/a><span class=\"sl-loader\"><\/span><\/div><\/div><\/div><\/div><\/div><\/div><div class=\"wgl_col-3 item\"><div class=\"blog-post format-standard-image\"><div class=\"blog-post_wrapper\"><div class=\"blog-post_media\"><div class=\"blog-post_media_part\"><a href=\"https:\/\/70aniversario.feyalegria.org\/venezuela\/en-sucre-celebraron-con-deporte-los-70-anos-de-fe-y-alegria\/\" class=\"media-link image-overlay\"><img decoding=\"async\" src=\"https:\/\/70aniversario.feyalegria.org\/venezuela\/wp-content\/uploads\/sites\/4\/2025\/05\/SUCRE-1170x725.jpg\" class=\" blog-img blog-img blog-img blog-img blog-img blog-img\" alt=\"SUCRE\"><\/a><\/div><span class=\"post_categories\"><span><a href=\"https:\/\/70aniversario.feyalegria.org\/venezuela\/category\/aniversario\/\">Aniversario<\/a><\/span><\/span><\/div><div class=\"blog-post_content\"><div class=\"meta-data\"><span class=\"post_date\">16 mayo, 2025<\/span><\/div><h3 class=\"blog-post_title\"><a href=\"https:\/\/70aniversario.feyalegria.org\/venezuela\/en-sucre-celebraron-con-deporte-los-70-anos-de-fe-y-alegria\/\">En Sucre celebraron con deporte los 70 a\u00f1os de Fe y Alegr\u00eda<\/a><\/h3><div class=\"blog-post_text\">En el marco de la celebraci\u00f3n de los 70 a\u00f1os de fundaci\u00f3n del Movimiento Fe y Alegr\u00eda...<\/div><\/div><div class=\"blog-post_meta-wrap\"><div class=\"meta-info\"><div class=\"post_likes wgl-likes\"><a href=\"https:\/\/70aniversario.feyalegria.org\/venezuela\/wp-admin\/admin-ajax.php?action=bighearts_like&post_id=11751&nonce=7699572fcd&is_comment=&disabled=true\" class=\"sl-button sl-button-11751\" data-nonce=\"7699572fcd\" data-post-id=\"11751\" data-title-like=\"Like\" data-title-unlike=\"Unlike\" title=\"Like\"><span class=\"sl-icon flaticon-love-and-romance liked\"><\/span><span class=\"sl-count\">5<span class=\"sl-count-text\"> Likes<\/span><\/span><\/a><span class=\"sl-loader\"><\/span><\/div><\/div><\/div><\/div><\/div><\/div><div class=\"wgl_col-3 item\"><div class=\"blog-post format-standard-image\"><div class=\"blog-post_wrapper\"><div class=\"blog-post_media\"><div class=\"blog-post_media_part\"><a href=\"https:\/\/70aniversario.feyalegria.org\/venezuela\/en-puerto-la-cruz-tambien-dieron-gracias-por-los-70-anos-de-fe-y-alegria\/\" class=\"media-link image-overlay\"><img decoding=\"async\" src=\"https:\/\/70aniversario.feyalegria.org\/venezuela\/wp-content\/uploads\/sites\/4\/2025\/05\/pUERTO-LA-cRUZ-FOTO-1170x725.jpg\" class=\" blog-img blog-img blog-img blog-img blog-img blog-img blog-img\" alt=\"pUERTO LA cRUZ FOTO\"><\/a><\/div><span class=\"post_categories\"><span><a href=\"https:\/\/70aniversario.feyalegria.org\/venezuela\/category\/aniversario\/\">Aniversario<\/a><\/span><\/span><\/div><div class=\"blog-post_content\"><div class=\"meta-data\"><span class=\"post_date\">16 mayo, 2025<\/span><\/div><h3 class=\"blog-post_title\"><a href=\"https:\/\/70aniversario.feyalegria.org\/venezuela\/en-puerto-la-cruz-tambien-dieron-gracias-por-los-70-anos-de-fe-y-alegria\/\">En Puerto La Cruz tambi\u00e9n dieron gracias por los 70 a\u00f1os de Fe y Alegr\u00eda<\/a><\/h3><div class=\"blog-post_text\">La regi\u00f3n oriental celebr\u00f3 este 11 de marzo el 70 aniversario de Fe y Alegr\u00eda en un...<\/div><\/div><div class=\"blog-post_meta-wrap\"><div class=\"meta-info\"><div class=\"post_likes wgl-likes\"><a href=\"https:\/\/70aniversario.feyalegria.org\/venezuela\/wp-admin\/admin-ajax.php?action=bighearts_like&post_id=11747&nonce=7699572fcd&is_comment=&disabled=true\" class=\"sl-button sl-button-11747\" data-nonce=\"7699572fcd\" data-post-id=\"11747\" data-title-like=\"Like\" data-title-unlike=\"Unlike\" title=\"Like\"><span class=\"sl-icon flaticon-love-and-romance liked\"><\/span><span class=\"sl-count\">4<span class=\"sl-count-text\"> Likes<\/span><\/span><\/a><span class=\"sl-loader\"><\/span><\/div><\/div><\/div><\/div><\/div><\/div><div class=\"wgl_col-3 item\"><div class=\"blog-post format-standard-image\"><div class=\"blog-post_wrapper\"><div class=\"blog-post_media\"><div class=\"blog-post_media_part\"><a href=\"https:\/\/70aniversario.feyalegria.org\/venezuela\/en-el-iusf-celebraron-los-70-anos-de-fe-y-alegria\/\" class=\"media-link image-overlay\"><img decoding=\"async\" src=\"https:\/\/70aniversario.feyalegria.org\/venezuela\/wp-content\/uploads\/sites\/4\/2025\/05\/IUSF-70-anos-de-Fe-y-Alegria-1-1024x576-1-1170x725.jpeg\" class=\" blog-img blog-img blog-img blog-img blog-img blog-img blog-img blog-img\" alt=\"IUSF-70-anos-de-Fe-y-Alegria-1-1024&#215;576\"><\/a><\/div><span class=\"post_categories\"><span><a href=\"https:\/\/70aniversario.feyalegria.org\/venezuela\/category\/aniversario\/\">Aniversario<\/a><\/span><\/span><\/div><div class=\"blog-post_content\"><div class=\"meta-data\"><span class=\"post_date\">16 mayo, 2025<\/span><\/div><h3 class=\"blog-post_title\"><a href=\"https:\/\/70aniversario.feyalegria.org\/venezuela\/en-el-iusf-celebraron-los-70-anos-de-fe-y-alegria\/\">En el IUSF celebraron los 70 a\u00f1os de Fe y Alegr\u00eda<\/a><\/h3><div class=\"blog-post_text\">El Instituto Universitario San Francisco (IUSF) de Fe y Alegr\u00eda, que se ubica en el municipio...<\/div><\/div><div class=\"blog-post_meta-wrap\"><div class=\"meta-info\"><div class=\"post_likes wgl-likes\"><a href=\"https:\/\/70aniversario.feyalegria.org\/venezuela\/wp-admin\/admin-ajax.php?action=bighearts_like&post_id=11742&nonce=7699572fcd&is_comment=&disabled=true\" class=\"sl-button sl-button-11742\" data-nonce=\"7699572fcd\" data-post-id=\"11742\" data-title-like=\"Like\" data-title-unlike=\"Unlike\" title=\"Like\"><span class=\"sl-icon flaticon-love-and-romance liked\"><\/span><span class=\"sl-count\">4<span class=\"sl-count-text\"> Likes<\/span><\/span><\/a><span class=\"sl-loader\"><\/span><\/div><\/div><\/div><\/div><\/div><\/div><div class=\"wgl_col-3 item\"><div class=\"blog-post format-standard-image\"><div class=\"blog-post_wrapper\"><div class=\"blog-post_media\"><div class=\"blog-post_media_part\"><a href=\"https:\/\/70aniversario.feyalegria.org\/venezuela\/p-jose-gregorio-teran-fe-y-alegria-no-es-propiedad-de-nadie-pero-es-responsabilidad-de-todos\/\" class=\"media-link image-overlay\"><img decoding=\"async\" src=\"https:\/\/70aniversario.feyalegria.org\/venezuela\/wp-content\/uploads\/sites\/4\/2025\/03\/09-1170x725.jpg\" class=\" blog-img blog-img blog-img blog-img blog-img blog-img blog-img blog-img blog-img\" alt=\"09\"><\/a><\/div><span class=\"post_categories\"><span><a href=\"https:\/\/70aniversario.feyalegria.org\/venezuela\/category\/aniversario\/\">Aniversario<\/a><\/span><\/span><\/div><div class=\"blog-post_content\"><div class=\"meta-data\"><span class=\"post_date\">12 marzo, 2025<\/span><\/div><h3 class=\"blog-post_title\"><a href=\"https:\/\/70aniversario.feyalegria.org\/venezuela\/p-jose-gregorio-teran-fe-y-alegria-no-es-propiedad-de-nadie-pero-es-responsabilidad-de-todos\/\">P. Jos\u00e9 Gregorio Ter\u00e1n: \u201cFe y Alegr\u00eda no es propiedad de nadie, pero es responsabilidad de todos\u201d<\/a><\/h3><div class=\"blog-post_text\">Alegr\u00eda, reencuentro y gratitud se vivieron este martes 11 de marzo en la Escuela T\u00e9cnica Fe y...<\/div><\/div><div class=\"blog-post_meta-wrap\"><div class=\"meta-info\"><div class=\"post_likes wgl-likes\"><a href=\"https:\/\/70aniversario.feyalegria.org\/venezuela\/wp-admin\/admin-ajax.php?action=bighearts_like&post_id=11597&nonce=7699572fcd&is_comment=&disabled=true\" class=\"sl-button sl-button-11597\" data-nonce=\"7699572fcd\" data-post-id=\"11597\" data-title-like=\"Like\" data-title-unlike=\"Unlike\" title=\"Like\"><span class=\"sl-icon flaticon-love-and-romance liked\"><\/span><span class=\"sl-count\">2<span class=\"sl-count-text\"> Likes<\/span><\/span><\/a><span class=\"sl-loader\"><\/span><\/div><\/div><\/div><\/div><\/div><\/div><div class=\"wgl_col-3 item\"><div class=\"blog-post format-standard-image\"><div class=\"blog-post_wrapper\"><div class=\"blog-post_media\"><div class=\"blog-post_media_part\"><a href=\"https:\/\/70aniversario.feyalegria.org\/venezuela\/concurso-literario-70-anos-de-historias-que-inspiran\/\" class=\"media-link image-overlay\"><img decoding=\"async\" src=\"https:\/\/70aniversario.feyalegria.org\/venezuela\/wp-content\/uploads\/sites\/4\/2025\/03\/07-1170x725.jpg\" class=\" blog-img blog-img blog-img blog-img blog-img blog-img blog-img blog-img blog-img blog-img\" alt=\"07\"><\/a><\/div><span class=\"post_categories\"><span><a href=\"https:\/\/70aniversario.feyalegria.org\/venezuela\/category\/aniversario\/\">Aniversario<\/a><\/span><\/span><\/div><div class=\"blog-post_content\"><div class=\"meta-data\"><span class=\"post_date\">6 marzo, 2025<\/span><\/div><h3 class=\"blog-post_title\"><a href=\"https:\/\/70aniversario.feyalegria.org\/venezuela\/concurso-literario-70-anos-de-historias-que-inspiran\/\">Concurso literario: 70 a\u00f1os de historias que inspiran<\/a><\/h3><div class=\"blog-post_text\">El Centro de Formaci\u00f3n e Investigaci\u00f3n Padre Joaqu\u00edn te invita a compartir relatos...<\/div><\/div><div class=\"blog-post_meta-wrap\"><div class=\"meta-info\"><div class=\"post_likes wgl-likes\"><a href=\"https:\/\/70aniversario.feyalegria.org\/venezuela\/wp-admin\/admin-ajax.php?action=bighearts_like&post_id=11591&nonce=7699572fcd&is_comment=&disabled=true\" class=\"sl-button sl-button-11591\" data-nonce=\"7699572fcd\" data-post-id=\"11591\" data-title-like=\"Like\" data-title-unlike=\"Unlike\" title=\"Like\"><span class=\"sl-icon flaticon-love-and-romance liked\"><\/span><span class=\"sl-count\">3<span class=\"sl-count-text\"> Likes<\/span><\/span><\/a><span class=\"sl-loader\"><\/span><\/div><\/div><\/div><\/div><\/div><\/div><div class=\"wgl_col-3 item\"><div class=\"blog-post format-standard-image\"><div class=\"blog-post_wrapper\"><div class=\"blog-post_media\"><div class=\"blog-post_media_part\"><a href=\"https:\/\/70aniversario.feyalegria.org\/venezuela\/escuelas-de-todo-el-pais-celebran-con-entusiasmo-los-70-anos-de-fe-y-alegria\/\" class=\"media-link image-overlay\"><img decoding=\"async\" src=\"https:\/\/70aniversario.feyalegria.org\/venezuela\/wp-content\/uploads\/sites\/4\/2025\/03\/06-1170x725.png\" class=\" blog-img blog-img blog-img blog-img blog-img blog-img blog-img blog-img blog-img blog-img blog-img\" alt=\"06\"><\/a><\/div><span class=\"post_categories\"><span><a href=\"https:\/\/70aniversario.feyalegria.org\/venezuela\/category\/aniversario\/\">Aniversario<\/a><\/span><\/span><\/div><div class=\"blog-post_content\"><div class=\"meta-data\"><span class=\"post_date\">6 marzo, 2025<\/span><\/div><h3 class=\"blog-post_title\"><a href=\"https:\/\/70aniversario.feyalegria.org\/venezuela\/escuelas-de-todo-el-pais-celebran-con-entusiasmo-los-70-anos-de-fe-y-alegria\/\">Escuelas de todo el pa\u00eds celebran con entusiasmo los 70 a\u00f1os de Fe y Alegr\u00eda<\/a><\/h3><div class=\"blog-post_text\">Con orgullo un\u00e1nime, celebramos el 70 aniversario de Fe y Alegr\u00eda, una festividad que reafirma...<\/div><\/div><div class=\"blog-post_meta-wrap\"><div class=\"meta-info\"><div class=\"post_likes wgl-likes\"><a href=\"https:\/\/70aniversario.feyalegria.org\/venezuela\/wp-admin\/admin-ajax.php?action=bighearts_like&post_id=11588&nonce=7699572fcd&is_comment=&disabled=true\" class=\"sl-button sl-button-11588\" data-nonce=\"7699572fcd\" data-post-id=\"11588\" data-title-like=\"Like\" data-title-unlike=\"Unlike\" title=\"Like\"><span class=\"sl-icon flaticon-love-and-romance liked\"><\/span><span class=\"sl-count\">4<span class=\"sl-count-text\"> Likes<\/span><\/span><\/a><span class=\"sl-loader\"><\/span><\/div><\/div><\/div><\/div><\/div><\/div><div class=\"wgl_col-3 item\"><div class=\"blog-post format-standard-image\"><div class=\"blog-post_wrapper\"><div class=\"blog-post_media\"><div class=\"blog-post_media_part\"><a href=\"https:\/\/70aniversario.feyalegria.org\/venezuela\/carta-de-arturo-sosa-en-los-70-anos-de-fe-y-alegria\/\" class=\"media-link image-overlay\"><img decoding=\"async\" src=\"https:\/\/70aniversario.feyalegria.org\/venezuela\/wp-content\/uploads\/sites\/4\/2025\/03\/05-1170x725.jpg\" class=\" blog-img blog-img blog-img blog-img blog-img blog-img blog-img blog-img blog-img blog-img blog-img blog-img\" alt=\"05\"><\/a><\/div><span class=\"post_categories\"><span><a href=\"https:\/\/70aniversario.feyalegria.org\/venezuela\/category\/aniversario\/\">Aniversario<\/a><\/span><\/span><\/div><div class=\"blog-post_content\"><div class=\"meta-data\"><span class=\"post_date\">5 marzo, 2025<\/span><\/div><h3 class=\"blog-post_title\"><a href=\"https:\/\/70aniversario.feyalegria.org\/venezuela\/carta-de-arturo-sosa-en-los-70-anos-de-fe-y-alegria\/\">Carta de Arturo Sosa en los 70 a\u00f1os de Fe y Alegr\u00eda<\/a><\/h3><div class=\"blog-post_text\">Este 5 de marzo de 2025 cuando se cumplieron 70 a\u00f1os del inicio de las clases en la primera...<\/div><\/div><div class=\"blog-post_meta-wrap\"><div class=\"meta-info\"><div class=\"post_likes wgl-likes\"><a href=\"https:\/\/70aniversario.feyalegria.org\/venezuela\/wp-admin\/admin-ajax.php?action=bighearts_like&post_id=11582&nonce=7699572fcd&is_comment=&disabled=true\" class=\"sl-button sl-button-11582\" data-nonce=\"7699572fcd\" data-post-id=\"11582\" data-title-like=\"Like\" data-title-unlike=\"Unlike\" title=\"Like\"><span class=\"sl-icon flaticon-love-and-romance liked\"><\/span><span class=\"sl-count\">4<span class=\"sl-count-text\"> Likes<\/span><\/span><\/a><span class=\"sl-loader\"><\/span><\/div><\/div><\/div><\/div><\/div><\/div><\/div><\/div><\/section>\t\t<\/div>\n\t\t\t\t<\/div>\n\t\t\t\t<\/div>\n\t\t<div class=\"elementor-element elementor-element-1c08b3d e-flex e-con-boxed e-con e-parent\" data-id=\"1c08b3d\" data-element_type=\"container\">\n\t\t\t\t\t<div class=\"e-con-inner\">\n\t\t\t\t\t<\/div>\n\t\t\t\t<\/div>\n\t\t\t\t<\/div>\n\t\t","protected":false},"excerpt":{"rendered":"<p>Noticias y Novedades de la Celebraci\u00f3n Aniversario19 febrero, 2025 Fe y Alegr\u00eda celebra 70 a\u00f1os de compromiso con la educaci\u00f3n de calidad en Venezuela La organizaci\u00f3n reafirma su misi\u00f3n de transformar vidas a trav\u00e9s de la educaci\u00f3n popular y la&#8230;0 LikesAniversario19 febrero, 2025 Campa\u00f1a de voluntariado &#8220;Sembrando Esperanza&#8221; en su 70 aniversario. La organizaci\u00f3n invita [&hellip;]<\/p>\n","protected":false},"author":8,"featured_media":0,"parent":0,"menu_order":0,"comment_status":"closed","ping_status":"closed","template":"","meta":{"footnotes":""},"class_list":["post-10768","page","type-page","status-publish","hentry"],"_links":{"self":[{"href":"https:\/\/70aniversario.feyalegria.org\/venezuela\/wp-json\/wp\/v2\/pages\/10768","targetHints":{"allow":["GET"]}}],"collection":[{"href":"https:\/\/70aniversario.feyalegria.org\/venezuela\/wp-json\/wp\/v2\/pages"}],"about":[{"href":"https:\/\/70aniversario.feyalegria.org\/venezuela\/wp-json\/wp\/v2\/types\/page"}],"author":[{"embeddable":true,"href":"https:\/\/70aniversario.feyalegria.org\/venezuela\/wp-json\/wp\/v2\/users\/8"}],"replies":[{"embeddable":true,"href":"https:\/\/70aniversario.feyalegria.org\/venezuela\/wp-json\/wp\/v2\/comments?post=10768"}],"version-history":[{"count":16,"href":"https:\/\/70aniversario.feyalegria.org\/venezuela\/wp-json\/wp\/v2\/pages\/10768\/revisions"}],"predecessor-version":[{"id":11558,"href":"https:\/\/70aniversario.feyalegria.org\/venezuela\/wp-json\/wp\/v2\/pages\/10768\/revisions\/11558"}],"wp:attachment":[{"href":"https:\/\/70aniversario.feyalegria.org\/venezuela\/wp-json\/wp\/v2\/media?parent=10768"}],"curies":[{"name":"wp","href":"https:\/\/api.w.org\/{rel}","templated":true}]}}